{"id":4261,"date":"2023-04-12T14:02:28","date_gmt":"2023-04-12T12:02:28","guid":{"rendered":"https:\/\/roquetes.cat\/web\/?page_id=4261"},"modified":"2025-12-22T12:17:36","modified_gmt":"2025-12-22T11:17:36","slug":"atencio-ciutadana","status":"publish","type":"page","link":"https:\/\/roquetes.cat\/web\/atencio-ciutadana\/","title":{"rendered":"Atenci\u00f3 ciutadana"},"content":{"rendered":"<p>[et_pb_section fb_built=&#8221;1&#8243; fullwidth=&#8221;on&#8221; _builder_version=&#8221;4.20.4&#8243; _module_preset=&#8221;default&#8221; global_colors_info=&#8221;{}&#8221;][et_pb_fullwidth_image src=&#8221;https:\/\/roquetes.cat\/web\/wp-content\/uploads\/2023\/06\/ROQUETES_CANAL.webp&#8221; title_text=&#8221;1&#8243; _builder_version=&#8221;4.21.0&#8243; _module_preset=&#8221;default&#8221; global_colors_info=&#8221;{}&#8221;][\/et_pb_fullwidth_image][\/et_pb_section][et_pb_section fb_built=&#8221;1&#8243; _builder_version=&#8221;4.20.4&#8243; _module_preset=&#8221;default&#8221; global_colors_info=&#8221;{}&#8221;][et_pb_row _builder_version=&#8221;4.20.4&#8243; _module_preset=&#8221;default&#8221; custom_margin=&#8221;||||false|false&#8221; custom_margin_tablet=&#8221;||||false|false&#8221; custom_margin_phone=&#8221;|30px||30px|false|false&#8221; custom_margin_last_edited=&#8221;on|phone&#8221; global_colors_info=&#8221;{}&#8221;][et_pb_column type=&#8221;4_4&#8243; _builder_version=&#8221;4.20.4&#8243; _module_preset=&#8221;default&#8221; global_colors_info=&#8221;{}&#8221;][et_pb_text _builder_version=&#8221;4.27.5&#8243; _module_preset=&#8221;default&#8221; hover_enabled=&#8221;0&#8243; global_colors_info=&#8221;{}&#8221; sticky_enabled=&#8221;0&#8243;]<\/p>\n<h2><strong>Atenci\u00f3 ciutadana<\/strong><\/h2>\n<p>&nbsp;<\/p>\n<p>Recordeu que molts dels tr\u00e0mits es poden fer per l&#8217;Oficina Virtual de l\u2019Ajuntament de Roquetes. Un sistema que permet estalviar temps i cues i, sobretot, evita despla\u00e7aments de la ciutadania. Us caldr\u00e0 un certificat electr\u00f2nic reconegut per identificar-vos i signar els registres electr\u00f2nics.<\/p>\n<p>[\/et_pb_text][et_pb_image src=&#8221;https:\/\/roquetes.cat\/web\/wp-content\/uploads\/2023\/06\/OFICINA-VIRTUAL.jpg&#8221; url=&#8221;https:\/\/roquetes.cat\/web\/oficina-virtual\/&#8221; force_fullwidth=&#8221;on&#8221; _builder_version=&#8221;4.21.0&#8243; _module_preset=&#8221;default&#8221; border_width_all=&#8221;1px&#8221; border_color_all=&#8221;#e5e5e5&#8243; global_colors_info=&#8221;{}&#8221;][\/et_pb_image][\/et_pb_column][\/et_pb_row][et_pb_row column_structure=&#8221;1_2,1_2&#8243; _builder_version=&#8221;4.20.4&#8243; _module_preset=&#8221;default&#8221; custom_margin=&#8221;0px||||false|false&#8221; custom_margin_tablet=&#8221;||||false|false&#8221; custom_margin_phone=&#8221;|30px||30px|false|false&#8221; custom_margin_last_edited=&#8221;on|phone&#8221; global_colors_info=&#8221;{}&#8221;][et_pb_column type=&#8221;1_2&#8243; _builder_version=&#8221;4.20.4&#8243; _module_preset=&#8221;default&#8221; global_colors_info=&#8221;{}&#8221;][et_pb_accordion _builder_version=&#8221;4.21.0&#8243; _module_preset=&#8221;default&#8221; global_colors_info=&#8221;{}&#8221;][et_pb_accordion_item title=&#8221;HORARI D\u2019ATENCI\u00d3 AL P\u00daBLIC AJUNTAMENT ROQUETES&#8221; open=&#8221;on&#8221; _builder_version=&#8221;4.21.0&#8243; _module_preset=&#8221;default&#8221; global_colors_info=&#8221;{}&#8221;]<\/p>\n<p><strong>DE DILLUNS A DIVENDRES de les 9.00 h a les 14.00 h.<\/strong><\/p>\n<p>Avinguda de la Diputaci\u00f3, s\/n<br \/>43520 Roquetes (Tarragona)<\/p>\n<p><strong>DADES DE CONTACTE<\/strong><\/p>\n<p>Tel. 977 501 511<br \/>aj.roquetes@altanet.org<br \/>registre@roquetes.cat<br \/><span style=\"color: #333399;\">www.roquetes.cat<\/span><\/p>\n<p>\ud83d\udce7<strong> <a href=\"https:\/\/actio.dipta.cat\/catalegserveis\/id\/4313310007\/servei\/AT064_TENCI_00001?origen=seu\">B\u00fastia ciutadana<\/a><\/strong><\/p>\n<p><a href=\"https:\/\/seu-e.cat\/ca\/web\/roquetes\/govern-obert-i-transparencia\/serveis-i-tramits\/serveis\/adreces-i-telefons-d-interes-204\" target=\"_blank\" rel=\"noopener\">\u260e Adreces i Tel\u00e8fons d&#8217;inter\u00e9s<\/a><strong><br \/><\/strong><a href=\"https:\/\/www.seu-e.cat\/ca\/web\/roquetes\/govern-obert-i-transparencia\/serveis-i-tramits\/serveis\/planol-turistic-de-roquetes-207\">\ud83d\uddfa\ufe0f Pl\u00e0nol tur\u00edstic de la ciutat<\/a><\/p>\n<p>[\/et_pb_accordion_item][\/et_pb_accordion][et_pb_accordion _builder_version=&#8221;4.27.4&#8243; _module_preset=&#8221;default&#8221; global_colors_info=&#8221;{}&#8221;][et_pb_accordion_item title=&#8221;ATENCI\u00d3 CIUTADANA AL CASAL DE LA RAVALETA&#8221; open=&#8221;on&#8221; _builder_version=&#8221;4.27.4&#8243; _module_preset=&#8221;default&#8221; global_colors_info=&#8221;{}&#8221;]<\/p>\n<p>Pla\u00e7a Pare Cirera, 2A, 43529 Raval de Cristo, (Tarragona)<\/p>\n<p><strong>OBERT ELS DIES:<\/strong><\/p>\n<p>El servei passar\u00e0 a oferir-se els dilluns a la tarda, i ser\u00e0 necessari demanar cita pr\u00e8via, a trav\u00e9s d\u2019algun dels seg\u00fcents canals:<\/p>\n<p><strong>CITA PR\u00c8VIA SERVEI PRESENCIAL D\u2019ATENCI\u00d3 A LA RAVALETA<\/p>\n<p><\/strong>Per tel\u00e8fon <strong>977 50 15 11<\/strong><br \/>Per correu electr\u00f2nic <a href=\"mailto:ravaleta@roquetes.cat\">ravaleta@roquetes.cat<\/a>\u00a0<\/p>\n<p>&nbsp;<\/p>\n<p>&nbsp;<\/p>\n<p>&nbsp;<\/p>\n<p>[\/et_pb_accordion_item][\/et_pb_accordion][\/et_pb_column][et_pb_column type=&#8221;1_2&#8243; _builder_version=&#8221;4.20.4&#8243; _module_preset=&#8221;default&#8221; global_colors_info=&#8221;{}&#8221;][et_pb_accordion _builder_version=&#8221;4.21.0&#8243; _module_preset=&#8221;default&#8221; global_colors_info=&#8221;{}&#8221;][et_pb_accordion_item title=&#8221;SERVEIS SOCIALS&#8221; open=&#8221;on&#8221; _builder_version=&#8221;4.21.0&#8243; _module_preset=&#8221;default&#8221; global_colors_info=&#8221;{}&#8221;]Carrer del Canal, 11 &#8211; Planta Baixa<br \/>\n43520 Roquetes (Tarragona)<\/p>\n<p><strong>DADES DE CONTACTE<\/strong><br \/>\nTel.977 502 321<br \/>\ns.socials@roquetes.cat<br \/>\n<a href=\"https:\/\/roquetes.cat\/web\/serveis-socials\/\">Cliqueu aqu\u00ed per a m\u00e9s informaci\u00f3<\/a>[\/et_pb_accordion_item][\/et_pb_accordion][et_pb_accordion _builder_version=&#8221;4.21.0&#8243; _module_preset=&#8221;default&#8221; global_colors_info=&#8221;{}&#8221;][et_pb_accordion_item title=&#8221;POLICIA LOCAL&#8221; open=&#8221;on&#8221; _builder_version=&#8221;4.21.0&#8243; _module_preset=&#8221;default&#8221; global_colors_info=&#8221;{}&#8221;]<\/p>\n<p>Carrer de Rebull, 7 &#8211; Planta Baixa<br \/>43520 Roquetes (Tarragona)<\/p>\n<p><strong>DADES DE CONTACTE<\/strong><br \/>Tel. 977 501 600<br \/>policialocal@roquetes.cat<\/p>\n<p>[\/et_pb_accordion_item][\/et_pb_accordion][et_pb_accordion _builder_version=&#8221;4.27.0&#8243; _module_preset=&#8221;default&#8221; global_colors_info=&#8221;{}&#8221;][et_pb_accordion_item title=&#8221;ENXARXA&#8217;T AMB NOSALTRES!&#8221; open=&#8221;on&#8221; _builder_version=&#8221;4.27.0&#8243; _module_preset=&#8221;default&#8221; global_colors_info=&#8221;{}&#8221;]<\/p>\n<p>Descarrega&#8217;t la seguent APP, et permetr\u00e0\u00a0estar connectat\/da i al dia de tot el referent de Roquetes!<\/p>\n<p><img decoding=\"async\" data-src=\"https:\/\/www.seu-e.cat\/documents\/20195\/15224782\/EAGORA_LOGO.png\/5ea05529-1c7a-46a7-8bbe-dbbb550fe09f\" width=\"138\" height=\"96\" src=\"data:image\/svg+xml;base64,PHN2ZyB3aWR0aD0iMSIgaGVpZ2h0PSIxIiB4bWxucz0iaHR0cDovL3d3dy53My5vcmcvMjAwMC9zdmciPjwvc3ZnPg==\" class=\"lazyload\" style=\"--smush-placeholder-width: 138px; --smush-placeholder-aspect-ratio: 138\/96;\" \/><\/p>\n<p><a href=\"https:\/\/play.google.com\/store\/apps\/details?id=es.ebando.app\" target=\"_blank\" rel=\"noopener\"><strong>GOOGLE PLAY<\/strong><\/a><\/p>\n<p><a href=\"https:\/\/itunes.apple.com\/us\/app\/ebando\/id717604307?l=es&amp;ls=1&amp;mt=8\" target=\"_blank\" rel=\"noopener\"><strong>APP STORE<\/strong><\/a><\/p>\n<p><strong>SEGUEIX-NOS! \u00a0<\/strong><a style=\"color: blue;\" href=\"https:\/\/twitter.com\/AjRoquetes\"><img decoding=\"async\" style=\"width: 25px; vertical-align: middle;\" data-src=\"https:\/\/www.seu-e.cat\/documents\/20195\/15239719\/twitter.png\/de24ce58-8650-4cc0-a3e9-381b589a0e55\" alt=\"\" src=\"data:image\/svg+xml;base64,PHN2ZyB3aWR0aD0iMSIgaGVpZ2h0PSIxIiB4bWxucz0iaHR0cDovL3d3dy53My5vcmcvMjAwMC9zdmciPjwvc3ZnPg==\" class=\"lazyload\" \/><\/a>\u00a0<a href=\"https:\/\/www.facebook.com\/AjRoquetes\"><img decoding=\"async\" style=\"width: 25px; vertical-align: middle;\" data-src=\"https:\/\/www.seu-e.cat\/documents\/20195\/15239719\/fb.png\/37f25078-0c8c-406a-896a-ed6bd5ecbda3\" alt=\"\" src=\"data:image\/svg+xml;base64,PHN2ZyB3aWR0aD0iMSIgaGVpZ2h0PSIxIiB4bWxucz0iaHR0cDovL3d3dy53My5vcmcvMjAwMC9zdmciPjwvc3ZnPg==\" class=\"lazyload\" \/><\/a>\u00a0<a style=\"color: blue;\" href=\"https:\/\/www.instagram.com\/ajroquetes\/\"><img decoding=\"async\" style=\"width: 25px; vertical-align: middle;\" src=\"https:\/\/www.seu-e.cat\/documents\/20195\/15239719\/ig.jfif\/7cb06330-e627-4bcb-b199-cd62f9aa6fe8\" alt=\"\" \/><\/a><\/p>\n<h4 style=\"line-height: 1.2;\"><strong>CANALS DE DIFUSI\u00d3\u00a0TELEGRAM<\/strong><\/h4>\n<p><a href=\"https:\/\/t.me\/roquetesformacioitreball\" target=\"_blank\" rel=\"noopener\"><img decoding=\"async\" style=\"width: 25px; vertical-align: middle;\" data-src=\"https:\/\/www.seu-e.cat\/documents\/20195\/15239719\/telegram.jpg\/d43e42bc-7e02-41c0-8e2d-191432c924d9\" alt=\"\" src=\"data:image\/svg+xml;base64,PHN2ZyB3aWR0aD0iMSIgaGVpZ2h0PSIxIiB4bWxucz0iaHR0cDovL3d3dy53My5vcmcvMjAwMC9zdmciPjwvc3ZnPg==\" class=\"lazyload\" \/>\u00a0Roquetes Formaci\u00f3 i Treball<\/a><\/p>\n<p><a href=\"https:\/\/t.me\/roquetesempresa\" target=\"_blank\" rel=\"noopener\"><img decoding=\"async\" style=\"width: 25px; vertical-align: middle;\" data-src=\"https:\/\/www.seu-e.cat\/documents\/20195\/15239719\/telegram.jpg\/d43e42bc-7e02-41c0-8e2d-191432c924d9\" alt=\"\" src=\"data:image\/svg+xml;base64,PHN2ZyB3aWR0aD0iMSIgaGVpZ2h0PSIxIiB4bWxucz0iaHR0cDovL3d3dy53My5vcmcvMjAwMC9zdmciPjwvc3ZnPg==\" class=\"lazyload\" \/>\u00a0Roquetes Empresa<\/a><\/p>\n<p>[\/et_pb_accordion_item][\/et_pb_accordion][\/et_pb_column][\/et_pb_row][et_pb_row _builder_version=&#8221;4.21.0&#8243; _module_preset=&#8221;default&#8221; global_colors_info=&#8221;{}&#8221;][et_pb_column type=&#8221;4_4&#8243; _builder_version=&#8221;4.21.0&#8243; _module_preset=&#8221;default&#8221; global_colors_info=&#8221;{}&#8221;][et_pb_image src=&#8221;https:\/\/roquetes.cat\/web\/wp-content\/uploads\/2023\/06\/POLICIA_LOCAL_ROQUETES.jpg&#8221; title_text=&#8221;POLICIA_LOCAL_ROQUETES&#8221; url=&#8221;https:\/\/roquetes.cat\/web\/programa-establiments-segurs\/&#8221; align=&#8221;center&#8221; _builder_version=&#8221;4.21.0&#8243; _module_preset=&#8221;default&#8221; border_width_all=&#8221;1px&#8221; border_color_all=&#8221;#dbdbdb&#8221; global_colors_info=&#8221;{}&#8221;][\/et_pb_image][\/et_pb_column][\/et_pb_row][\/et_pb_section]<\/p>\n","protected":false},"excerpt":{"rendered":"<p>Atenci\u00f3 ciutadana &nbsp; Recordeu que molts dels tr\u00e0mits es poden fer per l&#8217;Oficina Virtual de l\u2019Ajuntament de Roquetes. Un sistema que permet estalviar temps i cues i, sobretot, evita despla\u00e7aments de la ciutadania. Us caldr\u00e0 un certificat electr\u00f2nic reconegut per identificar-vos i signar els registres electr\u00f2nics.DE DILLUNS A DIVENDRES de les 9.00 h a les [&hellip;]<\/p>\n","protected":false},"author":2,"featured_media":0,"parent":0,"menu_order":0,"comment_status":"closed","ping_status":"closed","template":"","meta":{"_et_pb_use_builder":"on","_et_pb_old_content":"","_et_gb_content_width":"","footnotes":""},"class_list":["post-4261","page","type-page","status-publish","hentry"],"_links":{"self":[{"href":"https:\/\/roquetes.cat\/web\/wp-json\/wp\/v2\/pages\/4261","targetHints":{"allow":["GET"]}}],"collection":[{"href":"https:\/\/roquetes.cat\/web\/wp-json\/wp\/v2\/pages"}],"about":[{"href":"https:\/\/roquetes.cat\/web\/wp-json\/wp\/v2\/types\/page"}],"author":[{"embeddable":true,"href":"https:\/\/roquetes.cat\/web\/wp-json\/wp\/v2\/users\/2"}],"replies":[{"embeddable":true,"href":"https:\/\/roquetes.cat\/web\/wp-json\/wp\/v2\/comments?post=4261"}],"version-history":[{"count":66,"href":"https:\/\/roquetes.cat\/web\/wp-json\/wp\/v2\/pages\/4261\/revisions"}],"predecessor-version":[{"id":18000,"href":"https:\/\/roquetes.cat\/web\/wp-json\/wp\/v2\/pages\/4261\/revisions\/18000"}],"wp:attachment":[{"href":"https:\/\/roquetes.cat\/web\/wp-json\/wp\/v2\/media?parent=4261"}],"curies":[{"name":"wp","href":"https:\/\/api.w.org\/{rel}","templated":true}]}}

Atenció ciutadana

<p>[et_pb_section fb_built=&#8221;1&#8243; fullwidth=&#8221;on&#8221; _builder_version=&#8221;4.20.4&#8243; _module_preset=&#8221;default&#8221; global_colors_info=&#8221;{}&#8221;][et_pb_fullwidth_image src=&#8221;https://roquetes.cat/web/wp-content/uploads/2023/06/ROQUETES_CANAL.webp&#8221; title_text=&#8221;1&#8243; _builder_version=&#8221;4.21.0&#8243; _module_preset=&#8221;default&#8221; global_colors_info=&#8221;{}&#8221;][/et_pb_fullwidth_image][/et_pb_section][et_pb_section fb_built=&#8221;1&#8243; _builder_version=&#8221;4.20.4&#8243; _module_preset=&#8221;default&#8221; global_colors_info=&#8221;{}&#8221;][et_pb_row _builder_version=&#8221;4.20.4&#8243; _module_preset=&#8221;default&#8221; custom_margin=&#8221;||||false|false&#8221; custom_margin_tablet=&#8221;||||false|false&#8221; custom_margin_phone=&#8221;|30px||30px|false|false&#8221; custom_margin_last_edited=&#8221;on|phone&#8221; global_colors_info=&#8221;{}&#8221;][et_pb_column type=&#8221;4_4&#8243; _builder_version=&#8221;4.20.4&#8243; _module_preset=&#8221;default&#8221; global_colors_info=&#8221;{}&#8221;][et_pb_text _builder_version=&#8221;4.27.5&#8243; _module_preset=&#8221;default&#8221; hover_enabled=&#8221;0&#8243; global_colors_info=&#8221;{}&#8221; sticky_enabled=&#8221;0&#8243;]</p>
<h2><strong>Atenció ciutadana</strong></h2>
<p>&nbsp;</p>
<p>Recordeu que molts dels tràmits es poden fer per l&#8217;Oficina Virtual de l’Ajuntament de Roquetes. Un sistema que permet estalviar temps i cues i, sobretot, evita desplaçaments de la ciutadania. Us caldrà un certificat electrònic reconegut per identificar-vos i signar els registres electrònics.</p>
<p>[/et_pb_text][et_pb_image src=&#8221;https://roquetes.cat/web/wp-content/uploads/2023/06/OFICINA-VIRTUAL.jpg&#8221; url=&#8221;https://roquetes.cat/web/oficina-virtual/&#8221; force_fullwidth=&#8221;on&#8221; _builder_version=&#8221;4.21.0&#8243; _module_preset=&#8221;default&#8221; border_width_all=&#8221;1px&#8221; border_color_all=&#8221;#e5e5e5&#8243; global_colors_info=&#8221;{}&#8221;][/et_pb_image][/et_pb_column][/et_pb_row][et_pb_row column_structure=&#8221;1_2,1_2&#8243; _builder_version=&#8221;4.20.4&#8243; _module_preset=&#8221;default&#8221; custom_margin=&#8221;0px||||false|false&#8221; custom_margin_tablet=&#8221;||||false|false&#8221; custom_margin_phone=&#8221;|30px||30px|false|false&#8221; custom_margin_last_edited=&#8221;on|phone&#8221; global_colors_info=&#8221;{}&#8221;][et_pb_column type=&#8221;1_2&#8243; _builder_version=&#8221;4.20.4&#8243; _module_preset=&#8221;default&#8221; global_colors_info=&#8221;{}&#8221;][et_pb_accordion _builder_version=&#8221;4.21.0&#8243; _module_preset=&#8221;default&#8221; global_colors_info=&#8221;{}&#8221;][et_pb_accordion_item title=&#8221;HORARI D’ATENCIÓ AL PÚBLIC AJUNTAMENT ROQUETES&#8221; open=&#8221;on&#8221; _builder_version=&#8221;4.21.0&#8243; _module_preset=&#8221;default&#8221; global_colors_info=&#8221;{}&#8221;]</p>
<p><strong>DE DILLUNS A DIVENDRES de les 9.00 h a les 14.00 h.</strong></p>
<p>Avinguda de la Diputació, s/n<br />43520 Roquetes (Tarragona)</p>
<p><strong>DADES DE CONTACTE</strong></p>
<p>Tel. 977 501 511<br />aj.roquetes@altanet.org<br />registre@roquetes.cat<br /><span style="color: #333399;">www.roquetes.cat</span></p>
<p>📧<strong> <a href="https://actio.dipta.cat/catalegserveis/id/4313310007/servei/AT064_TENCI_00001?origen=seu">Bústia ciutadana</a></strong></p>
<p><a href="https://seu-e.cat/ca/web/roquetes/govern-obert-i-transparencia/serveis-i-tramits/serveis/adreces-i-telefons-d-interes-204" target="_blank" rel="noopener">☎ Adreces i Telèfons d&#8217;interés</a><strong><br /></strong><a href="https://www.seu-e.cat/ca/web/roquetes/govern-obert-i-transparencia/serveis-i-tramits/serveis/planol-turistic-de-roquetes-207">🗺️ Plànol turístic de la ciutat</a></p>
<p>[/et_pb_accordion_item][/et_pb_accordion][et_pb_accordion _builder_version=&#8221;4.27.4&#8243; _module_preset=&#8221;default&#8221; global_colors_info=&#8221;{}&#8221;][et_pb_accordion_item title=&#8221;ATENCIÓ CIUTADANA AL CASAL DE LA RAVALETA&#8221; open=&#8221;on&#8221; _builder_version=&#8221;4.27.4&#8243; _module_preset=&#8221;default&#8221; global_colors_info=&#8221;{}&#8221;]</p>
<p>Plaça Pare Cirera, 2A, 43529 Raval de Cristo, (Tarragona)</p>
<p><strong>OBERT ELS DIES:</strong></p>
<p>El servei passarà a oferir-se els dilluns a la tarda, i serà necessari demanar cita prèvia, a través d’algun dels següents canals:</p>
<p><strong>CITA PRÈVIA SERVEI PRESENCIAL D’ATENCIÓ A LA RAVALETA</p>
<p></strong>Per telèfon <strong>977 50 15 11</strong><br />Per correu electrònic <a href="mailto:ravaleta@roquetes.cat">ravaleta@roquetes.cat</a> </p>
<p>&nbsp;</p>
<p>&nbsp;</p>
<p>&nbsp;</p>
<p>[/et_pb_accordion_item][/et_pb_accordion][/et_pb_column][et_pb_column type=&#8221;1_2&#8243; _builder_version=&#8221;4.20.4&#8243; _module_preset=&#8221;default&#8221; global_colors_info=&#8221;{}&#8221;][et_pb_accordion _builder_version=&#8221;4.21.0&#8243; _module_preset=&#8221;default&#8221; global_colors_info=&#8221;{}&#8221;][et_pb_accordion_item title=&#8221;SERVEIS SOCIALS&#8221; open=&#8221;on&#8221; _builder_version=&#8221;4.21.0&#8243; _module_preset=&#8221;default&#8221; global_colors_info=&#8221;{}&#8221;]Carrer del Canal, 11 &#8211; Planta Baixa<br />
43520 Roquetes (Tarragona)</p>
<p><strong>DADES DE CONTACTE</strong><br />
Tel.977 502 321<br />
s.socials@roquetes.cat<br />
<a href="https://roquetes.cat/web/serveis-socials/">Cliqueu aquí per a més informació</a>[/et_pb_accordion_item][/et_pb_accordion][et_pb_accordion _builder_version=&#8221;4.21.0&#8243; _module_preset=&#8221;default&#8221; global_colors_info=&#8221;{}&#8221;][et_pb_accordion_item title=&#8221;POLICIA LOCAL&#8221; open=&#8221;on&#8221; _builder_version=&#8221;4.21.0&#8243; _module_preset=&#8221;default&#8221; global_colors_info=&#8221;{}&#8221;]</p>
<p>Carrer de Rebull, 7 &#8211; Planta Baixa<br />43520 Roquetes (Tarragona)</p>
<p><strong>DADES DE CONTACTE</strong><br />Tel. 977 501 600<br />policialocal@roquetes.cat</p>
<p>[/et_pb_accordion_item][/et_pb_accordion][et_pb_accordion _builder_version=&#8221;4.27.0&#8243; _module_preset=&#8221;default&#8221; global_colors_info=&#8221;{}&#8221;][et_pb_accordion_item title=&#8221;ENXARXA&#8217;T AMB NOSALTRES!&#8221; open=&#8221;on&#8221; _builder_version=&#8221;4.27.0&#8243; _module_preset=&#8221;default&#8221; global_colors_info=&#8221;{}&#8221;]</p>
<p>Descarrega&#8217;t la seguent APP, et permetrà estar connectat/da i al dia de tot el referent de Roquetes!</p>
<p><img decoding="async" data-src="https://www.seu-e.cat/documents/20195/15224782/EAGORA_LOGO.png/5ea05529-1c7a-46a7-8bbe-dbbb550fe09f" width="138" height="96" src="data:image/svg+xml;base64,PHN2ZyB3aWR0aD0iMSIgaGVpZ2h0PSIxIiB4bWxucz0iaHR0cDovL3d3dy53My5vcmcvMjAwMC9zdmciPjwvc3ZnPg==" class="lazyload" style="--smush-placeholder-width: 138px; --smush-placeholder-aspect-ratio: 138/96;" /></p>
<p><a href="https://play.google.com/store/apps/details?id=es.ebando.app" target="_blank" rel="noopener"><strong>GOOGLE PLAY</strong></a></p>
<p><a href="https://itunes.apple.com/us/app/ebando/id717604307?l=es&amp;ls=1&amp;mt=8" target="_blank" rel="noopener"><strong>APP STORE</strong></a></p>
<p><strong>SEGUEIX-NOS!  </strong><a style="color: blue;" href="https://twitter.com/AjRoquetes"><img decoding="async" style="width: 25px; vertical-align: middle;" data-src="https://www.seu-e.cat/documents/20195/15239719/twitter.png/de24ce58-8650-4cc0-a3e9-381b589a0e55" alt="" src="data:image/svg+xml;base64,PHN2ZyB3aWR0aD0iMSIgaGVpZ2h0PSIxIiB4bWxucz0iaHR0cDovL3d3dy53My5vcmcvMjAwMC9zdmciPjwvc3ZnPg==" class="lazyload" /></a> <a href="https://www.facebook.com/AjRoquetes"><img decoding="async" style="width: 25px; vertical-align: middle;" data-src="https://www.seu-e.cat/documents/20195/15239719/fb.png/37f25078-0c8c-406a-896a-ed6bd5ecbda3" alt="" src="data:image/svg+xml;base64,PHN2ZyB3aWR0aD0iMSIgaGVpZ2h0PSIxIiB4bWxucz0iaHR0cDovL3d3dy53My5vcmcvMjAwMC9zdmciPjwvc3ZnPg==" class="lazyload" /></a> <a style="color: blue;" href="https://www.instagram.com/ajroquetes/"><img decoding="async" style="width: 25px; vertical-align: middle;" src="https://www.seu-e.cat/documents/20195/15239719/ig.jfif/7cb06330-e627-4bcb-b199-cd62f9aa6fe8" alt="" /></a></p>
<h4 style="line-height: 1.2;"><strong>CANALS DE DIFUSIÓ TELEGRAM</strong></h4>
<p><a href="https://t.me/roquetesformacioitreball" target="_blank" rel="noopener"><img decoding="async" style="width: 25px; vertical-align: middle;" data-src="https://www.seu-e.cat/documents/20195/15239719/telegram.jpg/d43e42bc-7e02-41c0-8e2d-191432c924d9" alt="" src="data:image/svg+xml;base64,PHN2ZyB3aWR0aD0iMSIgaGVpZ2h0PSIxIiB4bWxucz0iaHR0cDovL3d3dy53My5vcmcvMjAwMC9zdmciPjwvc3ZnPg==" class="lazyload" /> Roquetes Formació i Treball</a></p>
<p><a href="https://t.me/roquetesempresa" target="_blank" rel="noopener"><img decoding="async" style="width: 25px; vertical-align: middle;" data-src="https://www.seu-e.cat/documents/20195/15239719/telegram.jpg/d43e42bc-7e02-41c0-8e2d-191432c924d9" alt="" src="data:image/svg+xml;base64,PHN2ZyB3aWR0aD0iMSIgaGVpZ2h0PSIxIiB4bWxucz0iaHR0cDovL3d3dy53My5vcmcvMjAwMC9zdmciPjwvc3ZnPg==" class="lazyload" /> Roquetes Empresa</a></p>
<p>[/et_pb_accordion_item][/et_pb_accordion][/et_pb_column][/et_pb_row][et_pb_row _builder_version=&#8221;4.21.0&#8243; _module_preset=&#8221;default&#8221; global_colors_info=&#8221;{}&#8221;][et_pb_column type=&#8221;4_4&#8243; _builder_version=&#8221;4.21.0&#8243; _module_preset=&#8221;default&#8221; global_colors_info=&#8221;{}&#8221;][et_pb_image src=&#8221;https://roquetes.cat/web/wp-content/uploads/2023/06/POLICIA_LOCAL_ROQUETES.jpg&#8221; title_text=&#8221;POLICIA_LOCAL_ROQUETES&#8221; url=&#8221;https://roquetes.cat/web/programa-establiments-segurs/&#8221; align=&#8221;center&#8221; _builder_version=&#8221;4.21.0&#8243; _module_preset=&#8221;default&#8221; border_width_all=&#8221;1px&#8221; border_color_all=&#8221;#dbdbdb&#8221; global_colors_info=&#8221;{}&#8221;][/et_pb_image][/et_pb_column][/et_pb_row][/et_pb_section]</p>

<p>Atenció ciutadana &nbsp; Recordeu que molts dels tràmits es poden fer per l&#8217;Oficina Virtual de l’Ajuntament de Roquetes. Un sistema que permet estalviar temps i cues i, sobretot, evita desplaçaments de la ciutadania. Us caldrà un certificat electrònic reconegut per identificar-vos i signar els registres electrònics.DE DILLUNS A DIVENDRES de les 9.00 h a les [&hellip;]</p>
