{"id":3041,"date":"2023-02-03T11:35:19","date_gmt":"2023-02-03T09:35:19","guid":{"rendered":"https:\/\/roquetes.cat\/web\/?page_id=3041"},"modified":"2023-02-03T11:53:35","modified_gmt":"2023-02-03T09:53:35","slug":"acol-2023","status":"publish","type":"page","link":"https:\/\/roquetes.cat\/web\/acol-2023\/","title":{"rendered":"Selecci\u00f3 de 4 persones per a una oferta de treball i formaci\u00f3, l\u00ednia ACOL 2023, destinat a les persones migrades"},"content":{"rendered":"<p lang=\"ca-ES\" align=\"justify\"><img decoding=\"async\" class=\"alignnone size-full wp-image-3049 lazyload\" data-src=\"https:\/\/roquetes.cat\/web\/wp-content\/uploads\/2023\/02\/ACOL.jpg\" alt=\"\" width=\"1366\" height=\"768\" border=\"1\" data-srcset=\"https:\/\/roquetes.cat\/web\/wp-content\/uploads\/2023\/02\/ACOL.jpg 1366w, https:\/\/roquetes.cat\/web\/wp-content\/uploads\/2023\/02\/ACOL-1280x720.jpg 1280w, https:\/\/roquetes.cat\/web\/wp-content\/uploads\/2023\/02\/ACOL-980x551.jpg 980w, https:\/\/roquetes.cat\/web\/wp-content\/uploads\/2023\/02\/ACOL-480x270.jpg 480w\" data-sizes=\"(min-width: 0px) and (max-width: 480px) 480px, (min-width: 481px) and (max-width: 980px) 980px, (min-width: 981px) and (max-width: 1280px) 1280px, (min-width: 1281px) 1366px, 100vw\" src=\"data:image\/svg+xml;base64,PHN2ZyB3aWR0aD0iMSIgaGVpZ2h0PSIxIiB4bWxucz0iaHR0cDovL3d3dy53My5vcmcvMjAwMC9zdmciPjwvc3ZnPg==\" style=\"--smush-placeholder-width: 1366px; --smush-placeholder-aspect-ratio: 1366\/768;\" \/><\/p>\n<hr \/>\n<p lang=\"ca-ES\" align=\"justify\"><strong><span style=\"color: #000000;\"><span style=\"font-family: Arial, sans-serif;\"><span style=\"font-size: x-large;\">Selecci\u00f3 de 4 persones per a una oferta de treball i formaci\u00f3, l\u00ednia ACOL 2023, destinat a les persones migrades<\/span><\/span><\/span><\/strong><\/p>\n<p lang=\"ca-ES\" align=\"justify\"><span style=\"color: #000000;\"><span style=\"font-family: Arial, sans-serif;\"><span style=\"font-size: medium;\">Termini presentaci\u00f3 sol\u00b7licituds:\u00a0<\/span><\/span><\/span><b><span style=\"color: #000000;\"><span style=\"font-family: Arial, sans-serif;\"><span style=\"background-color: yellow; font-size: medium;\">Del 03\/02\/2023\u00a0al 08\/02\/2023 fins a les 12.00 h (ambd\u00f3s inclosos)<\/span><\/span><\/span><\/b><\/p>\n<p lang=\"ca-ES\" align=\"justify\"><span style=\"color: #000000;\"><span style=\"font-family: Arial, sans-serif;\"><span style=\"font-size: medium;\">L\u2019Ajuntament de Roquetes vol participar en la convocat\u00f2ria de la subvenci\u00f3 en el marc del programa Treball i Formaci\u00f3, l\u00ednia ACOL 2023,\u00a0 per part del Servei P\u00fablic d\u2019Ocupaci\u00f3 de Catalunya, Departament d\u2019Empresa i Treball, mitjan\u00e7ant un procediment de selecci\u00f3 d\u2019una persona migrada en situaci\u00f3 administrativa irregular que estiguin en disposici\u00f3 d\u2019obtenir una autoritzaci\u00f3 de resid\u00e8ncia i treball per circumst\u00e0ncies excepcionals mitjan\u00e7ant arrelament social, amb l\u2019objectiu de millorar la seva situaci\u00f3 de desocupaci\u00f3 mitjan\u00e7ant formaci\u00f3 i experi\u00e8ncia professional, en el marc del programa Treball i Formaci\u00f3, l\u00ednia ACOL 2023.<\/span><\/span><\/span><\/p>\n<p lang=\"ca-ES\" align=\"justify\"><span style=\"color: #000000;\"><span style=\"font-family: Arial, sans-serif;\"><span style=\"font-size: medium;\">El r\u00e8gim del contracte de treball ser\u00e0 el seg\u00fcent:<\/span><\/span><\/span><\/p>\n<ul>\n<li>\n<p lang=\"ca-ES\" align=\"justify\"><span style=\"color: #000000;\"><span style=\"font-family: Arial, sans-serif;\"><span style=\"font-size: medium;\">Contracte laboral temporal, per un per\u00edode de 12 mesos, 2 contractes de pe\u00f3 de brigada i 2 de personal de neteja.<\/span><\/span><\/span><\/p>\n<\/li>\n<li>\n<p lang=\"ca-ES\" align=\"justify\"><span style=\"color: #000000;\"><span style=\"font-family: Arial, sans-serif;\"><span style=\"font-size: medium;\">Formaci\u00f3 dins l\u2019horari laboral.<\/span><\/span><\/span><\/p>\n<\/li>\n<li>\n<p lang=\"ca-ES\" align=\"justify\"><span style=\"color: #000000;\"><span style=\"font-family: Arial, sans-serif;\"><span style=\"font-size: medium;\">Jornada de treball, amb car\u00e0cter general, de jornada completa.<\/span><\/span><\/span><\/p>\n<\/li>\n<\/ul>\n<p lang=\"ca-ES\" align=\"justify\"><span style=\"color: #000000;\"><span style=\"font-family: Arial, sans-serif;\"><span style=\"font-size: medium;\">Els requisits espec\u00edfics de les persones destinat\u00e0ries s\u00f3n:<\/span><\/span><\/span><\/p>\n<p lang=\"ca-ES\" align=\"justify\"><span style=\"color: #000000;\">\u00a0 \u00a0 <span style=\"font-family: Arial, sans-serif;\"><span style=\"font-size: medium;\">a)\u00a0Ser major d\u2019edat o major de 16 anys amb autoritzaci\u00f3 del representant legal.<\/span><\/span><\/span><\/p>\n<p lang=\"ca-ES\" align=\"justify\"><span style=\"color: #000000;\">\u00a0 \u00a0 <span style=\"font-family: Arial, sans-serif;\"><span style=\"font-size: medium;\">b)\u00a0No ser persones ciutadanes de la Uni\u00f3 Europea, de l&#8217;Espai Econ\u00f2mic Europeu o de Su\u00efssa o familiar de ciutadans d&#8217;aquests pa\u00efsos els quals els \u00e9s d&#8217;aplicaci\u00f3 el r\u00e8gim de ciutad\u00e0 de la Uni\u00f3 Europea.<\/span><\/span><\/span><\/p>\n<p lang=\"ca-ES\" align=\"justify\"><span style=\"color: #000000;\">\u00a0 \u00a0 <span style=\"font-family: Arial, sans-serif;\"><span style=\"font-size: medium;\">c)\u00a0\u00a0Acreditar la perman\u00e8ncia continuada a Espanya els darrers 3 anys, els 24 darrers mesos dels quals a Catalunya. Si es detecta una interrupci\u00f3 en la inscripci\u00f3 padronal, nom\u00e9s s&#8217;acceptaran els casos en qu\u00e8 aquesta sigui igual o inferior a 120 dies. Aquesta acreditaci\u00f3 es far\u00e0, exclusivament, mitjan\u00e7ant el certificat d&#8217;empadronament hist\u00f2ric que consta a l&#8217;article 9.2 d&#8217;aquesta Resoluci\u00f3. Excepcionalment, s&#8217;admetran baixes padronals superiors a 120 dies a les persones joves que durant la minoria d&#8217;edat hagin estat acollides en centres de la DGAIA o institucions de protecci\u00f3 a la inf\u00e0ncia, i que aportin un certificat em\u00e8s pel servei de protecci\u00f3 de menors corresponent que acrediti els per\u00edodes de perman\u00e8ncia en els referits centres p\u00fablics.<\/span><\/span><\/span><\/p>\n<p lang=\"ca-ES\" align=\"justify\"><span style=\"color: #000000;\">\u00a0 \u00a0 \u00a0<span style=\"font-family: Arial, sans-serif;\"><span style=\"font-size: medium;\">d) No tenir antecedents penals en el territori espanyol.<\/span><\/span><\/span><\/p>\n<p lang=\"ca-ES\" align=\"justify\"><span style=\"color: #000000;\"><span style=\"font-family: Arial, sans-serif;\"><span style=\"font-size: medium;\"><b>Que cal aportar:<\/b><\/span><\/span><\/span><\/p>\n<ul>\n<li>\n<p lang=\"ca-ES\" align=\"justify\"><span style=\"color: #000000;\"><span style=\"font-family: Arial, sans-serif;\"><span style=\"font-size: medium;\">Sol\u00b7licitud de participaci\u00f3 mitjan\u00e7ant\u00a0<\/span><\/span><\/span><a href=\"https:\/\/actio.dipta.cat\/catalegserveis\/id\/4313310007\/servei\/AT064_ATENC_00001?origen=seu\"><strong><span style=\"color: #bb1a2c;\"><span style=\"font-family: Arial, sans-serif;\"><span style=\"font-size: medium;\"><u>inst\u00e0ncia gen\u00e8rica<\/u><\/span><\/span><\/span><\/strong><\/a><\/p>\n<\/li>\n<li>\n<p lang=\"ca-ES\" align=\"justify\"><span style=\"color: #000000;\"><span style=\"font-family: Arial, sans-serif;\"><span style=\"font-size: medium;\">Fotoc\u00f2pia del passaport o c\u00e8dula d\u2019inscripci\u00f3 en vigor, amb una vig\u00e8ncia m\u00ednima de quatre mesos<\/span><\/span><\/span><\/p>\n<\/li>\n<li>\n<p lang=\"ca-ES\" align=\"justify\"><span style=\"color: #000000;\"><span style=\"font-family: Arial, sans-serif;\"><span style=\"font-size: medium;\">Certificat d\u2019empadronament hist\u00f2ric, amb una vig\u00e8ncia de 3 mesos des de la data d\u2019emissi\u00f3 del document.<\/span><\/span><\/span><\/p>\n<\/li>\n<li>\n<p lang=\"ca-ES\" align=\"justify\"><span style=\"color: #000000;\"><span style=\"font-family: Arial, sans-serif;\"><span style=\"font-size: medium;\">Informe\u00a0 Social\u00a0 de\u00a0 l&#8217;\u00c0rea\u00a0 de\u00a0 Serveis\u00a0 Socials\u00a0 del\u00a0 municipi\u00a0 on\u00a0 la\u00a0 persona destinat\u00e0ria est\u00e0 empadronada<\/span><\/span><\/span><\/p>\n<\/li>\n<li>\n<p lang=\"ca-ES\" align=\"justify\"><span style=\"color: #000000;\"><span style=\"font-family: Arial, sans-serif;\"><span style=\"font-size: medium;\">Autoritzaci\u00f3 de la persona treballadora proposada per a la consulta de les seves dades a l&#8217;aplicaci\u00f3 PICA dels antecedents penals a Espanya. En el sup\u00f2sit de no presentar aquesta autoritzaci\u00f3, s&#8217;ha de presentar el<a href=\"https:\/\/roquetes.cat\/web\/wp-content\/uploads\/2023\/02\/AutoritzacioConsultaAntecedentPenals.pdf\"> certificat d&#8217;antecedents penals d&#8217;Espanya<\/a>. Aquest document ha de tenir una vig\u00e8ncia de 3 mesos.<\/span><\/span><\/span><\/p>\n<\/li>\n<\/ul>\n<p lang=\"ca-ES\" align=\"justify\"><span style=\"color: #000000;\"><span style=\"font-family: Arial, sans-serif;\"><span style=\"font-size: medium;\"><b>Canals de tramitaci\u00f3:<\/b><\/span><\/span><\/span><\/p>\n<ul>\n<li><span style=\"color: #000000;\"><span style=\"font-family: Arial, sans-serif;\"><span style=\"font-size: medium;\">Presencialment: Registre de l&#8217;Ajuntament de Roquetes<\/span><\/span><\/span><\/li>\n<\/ul>\n<ul>\n<li>\n<p lang=\"ca-ES\" align=\"justify\"><span style=\"color: #0000ff;\"><u><a href=\"https:\/\/actio.dipta.cat\/catalegserveis\/id\/4313310007\/servei\/AT064_ATENC_00001?origen=seu\" target=\"_top\" rel=\"noopener\"><span style=\"font-family: Arial, sans-serif;\"><span style=\"font-size: medium;\">Telem\u00e0ticament<\/span><\/span><\/a><\/u><\/span><\/p>\n<\/li>\n<\/ul>\n<p lang=\"ca-ES\" align=\"justify\"><span style=\"color: #000000;\"><span style=\"font-family: Arial, sans-serif;\"><span style=\"font-size: medium;\">* Per a la tramitaci\u00f3 telem\u00e0tica, s&#8217;hauran de complimentar els camps de la inst\u00e0ncia gen\u00e8rica i adjuntar el document d&#8217;autoritzaci\u00f3 de la consulta d&#8217;antecedents penals (<em><a href=\"https:\/\/roquetes.cat\/web\/wp-content\/uploads\/2023\/02\/AutoritzacioConsultaAntecedentPenals.pdf\">Descarregueu-lo\u00a0d&#8217;aqu\u00ed<\/a>)<\/em><\/span><\/span><\/span><\/p>\n<hr \/>\n<p lang=\"ca-ES\" align=\"justify\"><strong>M\u00e9s informaci\u00f3:<\/strong><\/p>\n<p lang=\"ca-ES\" align=\"justify\"><strong> <span style=\"color: #800000;\">Ajuntament de Roquetes <\/span><\/strong><span style=\"color: #800000;\"><span style=\"color: #000000;\">| <\/span><\/span>Av. Diputaci\u00f3 s\/n | 43520 Roquetes (Tarragona) | Tel. 977 501 511 | ajuntament@roquetes.cat | www.roquetes.cat<\/p>\n<p lang=\"ca-ES\" align=\"justify\">\n","protected":false},"excerpt":{"rendered":"<p>Selecci\u00f3 de 4 persones per a una oferta de treball i formaci\u00f3, l\u00ednia ACOL 2023, destinat a les persones migrades Termini presentaci\u00f3 sol\u00b7licituds:\u00a0Del 03\/02\/2023\u00a0al 08\/02\/2023 fins a les 12.00 h (ambd\u00f3s inclosos) L\u2019Ajuntament de Roquetes vol participar en la convocat\u00f2ria de la subvenci\u00f3 en el marc del programa Treball i Formaci\u00f3, l\u00ednia ACOL 2023,\u00a0 per [&hellip;]<\/p>\n","protected":false},"author":2,"featured_media":0,"parent":0,"menu_order":0,"comment_status":"closed","ping_status":"closed","template":"","meta":{"_et_pb_use_builder":"","_et_pb_old_content":"","_et_gb_content_width":"","footnotes":""},"class_list":["post-3041","page","type-page","status-publish","hentry"],"_links":{"self":[{"href":"https:\/\/roquetes.cat\/web\/wp-json\/wp\/v2\/pages\/3041","targetHints":{"allow":["GET"]}}],"collection":[{"href":"https:\/\/roquetes.cat\/web\/wp-json\/wp\/v2\/pages"}],"about":[{"href":"https:\/\/roquetes.cat\/web\/wp-json\/wp\/v2\/types\/page"}],"author":[{"embeddable":true,"href":"https:\/\/roquetes.cat\/web\/wp-json\/wp\/v2\/users\/2"}],"replies":[{"embeddable":true,"href":"https:\/\/roquetes.cat\/web\/wp-json\/wp\/v2\/comments?post=3041"}],"version-history":[{"count":8,"href":"https:\/\/roquetes.cat\/web\/wp-json\/wp\/v2\/pages\/3041\/revisions"}],"predecessor-version":[{"id":3060,"href":"https:\/\/roquetes.cat\/web\/wp-json\/wp\/v2\/pages\/3041\/revisions\/3060"}],"wp:attachment":[{"href":"https:\/\/roquetes.cat\/web\/wp-json\/wp\/v2\/media?parent=3041"}],"curies":[{"name":"wp","href":"https:\/\/api.w.org\/{rel}","templated":true}]}}