{"id":2893,"date":"2023-01-30T14:17:46","date_gmt":"2023-01-30T12:17:46","guid":{"rendered":"https:\/\/roquetes.cat\/web\/?page_id=2893"},"modified":"2023-06-27T14:59:56","modified_gmt":"2023-06-27T12:59:56","slug":"participacio-ciutadana-roquetes-participa","status":"publish","type":"page","link":"https:\/\/roquetes.cat\/web\/participacio-ciutadana-roquetes-participa\/","title":{"rendered":"PARTICIPACI\u00d3 CIUTADANA #Roquetesparticipa"},"content":{"rendered":"<p>[et_pb_section fb_built=&#8221;1&#8243; fullwidth=&#8221;on&#8221; _builder_version=&#8221;4.19.5&#8243; _module_preset=&#8221;default&#8221; global_colors_info=&#8221;{}&#8221;][et_pb_fullwidth_image src=&#8221;https:\/\/roquetes.cat\/web\/wp-content\/uploads\/2023\/01\/0345694c5fd738b55dd491bc9694c8473128c4aa.jpg&#8221; title_text=&#8221;0345694c5fd738b55dd491bc9694c8473128c4aa&#8221; _builder_version=&#8221;4.19.5&#8243; _module_preset=&#8221;default&#8221; global_colors_info=&#8221;{}&#8221;][\/et_pb_fullwidth_image][\/et_pb_section][et_pb_section fb_built=&#8221;1&#8243; _builder_version=&#8221;4.19.5&#8243; _module_preset=&#8221;default&#8221; global_colors_info=&#8221;{}&#8221;][et_pb_row _builder_version=&#8221;4.19.5&#8243; _module_preset=&#8221;default&#8221; global_colors_info=&#8221;{}&#8221;][et_pb_column type=&#8221;4_4&#8243; _builder_version=&#8221;4.19.5&#8243; _module_preset=&#8221;default&#8221; global_colors_info=&#8221;{}&#8221;][et_pb_image src=&#8221;https:\/\/roquetes.cat\/web\/wp-content\/uploads\/2023\/01\/Participacio-Ciutadana.jpg&#8221; title_text=&#8221;Participaci\u00f3 Ciutadana&#8221; _builder_version=&#8221;4.19.5&#8243; _module_preset=&#8221;default&#8221; global_colors_info=&#8221;{}&#8221;][\/et_pb_image][et_pb_text _builder_version=&#8221;4.19.5&#8243; _module_preset=&#8221;default&#8221; global_colors_info=&#8221;{}&#8221;]<\/p>\n<p>La participaci\u00f3 ciutadana \u00e9s el dret de la ciutadania a prendre part en els assumptes p\u00fablics del seu inter\u00e8s. Per tant \u00e9s la capacitat de la ciutadans a intervenir, de manera individual o col\u00b7lectiva, en la definici\u00f3, aplicaci\u00f3 i avaluaci\u00f3 de les pol\u00edtiques municipals a trav\u00e9s de processos de consulta, deliberaci\u00f3, decisi\u00f3, coproducci\u00f3 o desenvolupament.<\/p>\n<p><strong>A continuaci\u00f3, podeu consultar els processos actius i els seus resultats:<\/strong><\/p>\n<p>[\/et_pb_text][et_pb_image src=&#8221;https:\/\/roquetes.cat\/web\/wp-content\/uploads\/2023\/05\/PRESSUPOSTOS-PARTICIPATIUS-ROQUETES.gif&#8221; url=&#8221;https:\/\/roquetes.cat\/web\/pressupost-participatiu-2023\/&#8221; force_fullwidth=&#8221;on&#8221; admin_label=&#8221;PRESSUPOSTOS PARTICIPATIUS 2023 BANNER ENLLA\u00c7AT (ACTIVAR)&#8221; _builder_version=&#8221;4.21.0&#8243; _module_preset=&#8221;default&#8221; border_width_all=&#8221;1px&#8221; border_color_all=&#8221;#bababa&#8221; global_colors_info=&#8221;{}&#8221; disabled_on=&#8221;on|on|on&#8221; disabled=&#8221;on&#8221;][\/et_pb_image][et_pb_blog fullwidth=&#8221;off&#8221; posts_number=&#8221;12&#8243; include_categories=&#8221;47&#8243; use_manual_excerpt=&#8221;off&#8221; excerpt_length=&#8221;100&#8243; show_author=&#8221;off&#8221; show_date=&#8221;off&#8221; show_categories=&#8221;off&#8221; show_excerpt=&#8221;off&#8221; _builder_version=&#8221;4.21.0&#8243; _module_preset=&#8221;default&#8221; header_line_height=&#8221;1.5em&#8221; body_font_size=&#8221;13px&#8221; border_color_all=&#8221;#c9c9c9&#8243; border_width_all_image=&#8221;1px&#8221; border_color_all_image=&#8221;#c9c9c9&#8243; global_colors_info=&#8221;{}&#8221;][\/et_pb_blog][\/et_pb_column][\/et_pb_row][\/et_pb_section]<\/p>\n","protected":false},"excerpt":{"rendered":"<p>La participaci\u00f3 ciutadana \u00e9s el dret de la ciutadania a prendre part en els assumptes p\u00fablics del seu inter\u00e8s. Per tant \u00e9s la capacitat de la ciutadans a intervenir, de manera individual o col\u00b7lectiva, en la definici\u00f3, aplicaci\u00f3 i avaluaci\u00f3 de les pol\u00edtiques municipals a trav\u00e9s de processos de consulta, deliberaci\u00f3, decisi\u00f3, coproducci\u00f3 o desenvolupament. [&hellip;]<\/p>\n","protected":false},"author":2,"featured_media":0,"parent":0,"menu_order":0,"comment_status":"closed","ping_status":"closed","template":"","meta":{"_et_pb_use_builder":"on","_et_pb_old_content":"","_et_gb_content_width":"","footnotes":""},"class_list":["post-2893","page","type-page","status-publish","hentry"],"_links":{"self":[{"href":"https:\/\/roquetes.cat\/web\/wp-json\/wp\/v2\/pages\/2893","targetHints":{"allow":["GET"]}}],"collection":[{"href":"https:\/\/roquetes.cat\/web\/wp-json\/wp\/v2\/pages"}],"about":[{"href":"https:\/\/roquetes.cat\/web\/wp-json\/wp\/v2\/types\/page"}],"author":[{"embeddable":true,"href":"https:\/\/roquetes.cat\/web\/wp-json\/wp\/v2\/users\/2"}],"replies":[{"embeddable":true,"href":"https:\/\/roquetes.cat\/web\/wp-json\/wp\/v2\/comments?post=2893"}],"version-history":[{"count":20,"href":"https:\/\/roquetes.cat\/web\/wp-json\/wp\/v2\/pages\/2893\/revisions"}],"predecessor-version":[{"id":9787,"href":"https:\/\/roquetes.cat\/web\/wp-json\/wp\/v2\/pages\/2893\/revisions\/9787"}],"wp:attachment":[{"href":"https:\/\/roquetes.cat\/web\/wp-json\/wp\/v2\/media?parent=2893"}],"curies":[{"name":"wp","href":"https:\/\/api.w.org\/{rel}","templated":true}]}}