{"id":1389,"date":"2021-07-06T12:24:13","date_gmt":"2021-07-06T10:24:13","guid":{"rendered":"https:\/\/roquetes.cat\/web\/politica-de-galetes\/"},"modified":"2021-07-06T12:24:13","modified_gmt":"2021-07-06T10:24:13","slug":"politica-de-galetes","status":"publish","type":"page","link":"https:\/\/roquetes.cat\/web\/politica-de-galetes\/","title":{"rendered":"Pol\u00edtica de galetes"},"content":{"rendered":"<p>Aquest lloc utilitza galetes, petits fitxers de text que es creen a l&#8217;ordinador per ajudar el lloc a proporcionar una millor experi\u00e8ncia d&#8217;usuari. En general, les galetes s&#8217;utilitzen per conservar les prefer\u00e8ncies de l&#8217;usuari, emmagatzemar informaci\u00f3 per a coses com carretons electr\u00f2nics i proporcionar dades de seguiment an\u00f2nimes a aplicacions de tercers com Google Analytics. Com a regla general, les galetes milloraran la vostra experi\u00e8ncia de navegaci\u00f3. No obstant aix\u00f2, \u00e9s possible que preferiu desactivar les galetes en aquest lloc i en altres. La forma m\u00e9s efectiva de fer-ho \u00e9s desactivar les galetes al navegador. Suggerim que consulteu la secci\u00f3 Ajuda del navegador o feu una ullada al <a href=\"http:\/\/www.aboutcookies.org\">lloc web sobre les galetes <\/a> que ofereix orientaci\u00f3 per a tots els navegadors moderns.<\/p>\n","protected":false},"excerpt":{"rendered":"<p>Aquest lloc utilitza galetes, petits fitxers de text que es creen a l&#8217;ordinador per ajudar el lloc a proporcionar una millor experi\u00e8ncia d&#8217;usuari. En general, les galetes s&#8217;utilitzen per conservar les prefer\u00e8ncies de l&#8217;usuari, emmagatzemar informaci\u00f3 per a coses com carretons electr\u00f2nics i proporcionar dades de seguiment an\u00f2nimes a aplicacions de tercers com Google Analytics. [&hellip;]<\/p>\n","protected":false},"author":2,"featured_media":0,"parent":0,"menu_order":0,"comment_status":"closed","ping_status":"closed","template":"","meta":{"_et_pb_use_builder":"","_et_pb_old_content":"","_et_gb_content_width":"","footnotes":""},"class_list":["post-1389","page","type-page","status-publish","hentry"],"_links":{"self":[{"href":"https:\/\/roquetes.cat\/web\/wp-json\/wp\/v2\/pages\/1389","targetHints":{"allow":["GET"]}}],"collection":[{"href":"https:\/\/roquetes.cat\/web\/wp-json\/wp\/v2\/pages"}],"about":[{"href":"https:\/\/roquetes.cat\/web\/wp-json\/wp\/v2\/types\/page"}],"author":[{"embeddable":true,"href":"https:\/\/roquetes.cat\/web\/wp-json\/wp\/v2\/users\/2"}],"replies":[{"embeddable":true,"href":"https:\/\/roquetes.cat\/web\/wp-json\/wp\/v2\/comments?post=1389"}],"version-history":[{"count":0,"href":"https:\/\/roquetes.cat\/web\/wp-json\/wp\/v2\/pages\/1389\/revisions"}],"wp:attachment":[{"href":"https:\/\/roquetes.cat\/web\/wp-json\/wp\/v2\/media?parent=1389"}],"curies":[{"name":"wp","href":"https:\/\/api.w.org\/{rel}","templated":true}]}}