{"id":6823,"date":"2023-05-19T08:44:03","date_gmt":"2023-05-19T06:44:03","guid":{"rendered":"https:\/\/roquetes.cat\/web\/?post_type=mec-events&#038;p=6823"},"modified":"2023-05-19T08:49:04","modified_gmt":"2023-05-19T06:49:04","slug":"presentacio-del-llibre-el-concurs-i-altres-contes-a-carrec-a-carrec-del-reconegut-historiador-roc-salvado-poy","status":"publish","type":"mec-events","link":"https:\/\/roquetes.cat\/web\/agenda\/presentacio-del-llibre-el-concurs-i-altres-contes-a-carrec-a-carrec-del-reconegut-historiador-roc-salvado-poy\/","title":{"rendered":"Presentaci\u00f3 del llibre &#8220;El concurs i altres contes&#8221; a c\u00e0rrec a c\u00e0rrec del reconegut historiador Roc Salvad\u00f3 Poy"},"content":{"rendered":"<p><span style=\"color: #000000;\">El proper divendres <b>2 de Juny a les 19:00h<\/b>, us convidem a la presentaci\u00f3 d&#8217;un llibre molt especial: <strong>&#8220;El concurs i altres contes<\/strong>&#8221; a c\u00e0rrec del reconegut historiador Roc Salvad\u00f3 Poy.<\/span><\/p>\n<blockquote>\n<div dir=\"auto\"><em>Roc Salvad\u00f3 Poy, escriu, des de fa temps, relats per al calaix, i ara es decideix a publicar-los en forma de recull de contes, amb la secreta esperan\u00e7a de compartir-los amb els lectors i confiant que, almenys, agraden i distraguen. La seua vocaci\u00f3 entremescla hist\u00f2ria i literatura, perqu\u00e8 al capdavall no sap ben b\u00e9 si li agrada de la primera el que t\u00e9 de la segona o a l\u2019inrev\u00e9s. Es considera deutor de tants escriptors que creu injust nomenar els de cap\u00e7alera, encara que no pot obviar fer esment de Kafka, Borges, Pavese i Baroja. Tampoc pot deixar de recon\u00e8ixer un dels seus autors fonamentals, sense el qual no seria el que \u00e9s: el paisatge de les Terres de l\u2019Ebre, entenent paisatge en el sentit m\u00e9s ampli possible, tant geogr\u00e0ficament com humanament. A m\u00e9s a m\u00e9s, cal deixar const\u00e0ncia de la seua vocaci\u00f3 i el seu treball com a\u00a0historiador d\u2019estes Terres de l\u2019Ebre, que impregnen la seua escriptura.<\/em><\/div>\n<\/blockquote>\n<p>Lloc: Biblioteca de Roquetes Merc\u00e8 Lleix\u00e0<\/p>\n","protected":false},"excerpt":{"rendered":"<p>El proper divendres 2 de Juny a les 19:00h, us convidem a la presentaci\u00f3 d&#8217;un llibre molt especial: &#8220;El concurs i altres contes&#8221; a c\u00e0rrec del reconegut historiador Roc Salvad\u00f3 Poy. Roc Salvad\u00f3 Poy, escriu, des de fa temps, relats per al calaix, i ara es decideix a publicar-los en forma de recull de contes, [&hellip;]<\/p>\n","protected":false},"author":2,"featured_media":6824,"comment_status":"closed","ping_status":"closed","template":"","tags":[],"mec_category":[48],"class_list":["post-6823","mec-events","type-mec-events","status-publish","has-post-thumbnail","hentry","mec_category-agenda"],"_links":{"self":[{"href":"https:\/\/roquetes.cat\/web\/wp-json\/wp\/v2\/mec-events\/6823","targetHints":{"allow":["GET"]}}],"collection":[{"href":"https:\/\/roquetes.cat\/web\/wp-json\/wp\/v2\/mec-events"}],"about":[{"href":"https:\/\/roquetes.cat\/web\/wp-json\/wp\/v2\/types\/mec-events"}],"author":[{"embeddable":true,"href":"https:\/\/roquetes.cat\/web\/wp-json\/wp\/v2\/users\/2"}],"replies":[{"embeddable":true,"href":"https:\/\/roquetes.cat\/web\/wp-json\/wp\/v2\/comments?post=6823"}],"wp:featuredmedia":[{"embeddable":true,"href":"https:\/\/roquetes.cat\/web\/wp-json\/wp\/v2\/media\/6824"}],"wp:attachment":[{"href":"https:\/\/roquetes.cat\/web\/wp-json\/wp\/v2\/media?parent=6823"}],"wp:term":[{"taxonomy":"post_tag","embeddable":true,"href":"https:\/\/roquetes.cat\/web\/wp-json\/wp\/v2\/tags?post=6823"},{"taxonomy":"mec_category","embeddable":true,"href":"https:\/\/roquetes.cat\/web\/wp-json\/wp\/v2\/mec_category?post=6823"}],"curies":[{"name":"wp","href":"https:\/\/api.w.org\/{rel}","templated":true}]}}

Presentació del llibre &#8220;El concurs i altres contes&#8221; a càrrec a càrrec del reconegut historiador Roc Salvadó Poy

<p><span style="color: #000000;">El proper divendres <b>2 de Juny a les 19:00h</b>, us convidem a la presentació d&#8217;un llibre molt especial: <strong>&#8220;El concurs i altres contes</strong>&#8221; a càrrec del reconegut historiador Roc Salvadó Poy.</span></p>
<blockquote>
<div dir="auto"><em>Roc Salvadó Poy, escriu, des de fa temps, relats per al calaix, i ara es decideix a publicar-los en forma de recull de contes, amb la secreta esperança de compartir-los amb els lectors i confiant que, almenys, agraden i distraguen. La seua vocació entremescla història i literatura, perquè al capdavall no sap ben bé si li agrada de la primera el que té de la segona o a l’inrevés. Es considera deutor de tants escriptors que creu injust nomenar els de capçalera, encara que no pot obviar fer esment de Kafka, Borges, Pavese i Baroja. Tampoc pot deixar de reconèixer un dels seus autors fonamentals, sense el qual no seria el que és: el paisatge de les Terres de l’Ebre, entenent paisatge en el sentit més ampli possible, tant geogràficament com humanament. A més a més, cal deixar constància de la seua vocació i el seu treball com a historiador d’estes Terres de l’Ebre, que impregnen la seua escriptura.</em></div>
</blockquote>
<p>Lloc: Biblioteca de Roquetes Mercè Lleixà</p>

<p>El proper divendres 2 de Juny a les 19:00h, us convidem a la presentació d&#8217;un llibre molt especial: &#8220;El concurs i altres contes&#8221; a càrrec del reconegut historiador Roc Salvadó Poy. Roc Salvadó Poy, escriu, des de fa temps, relats per al calaix, i ara es decideix a publicar-los en forma de recull de contes, [&hellip;]</p>
