{"id":5091,"date":"2023-04-26T11:03:37","date_gmt":"2023-04-26T09:03:37","guid":{"rendered":"https:\/\/roquetes.cat\/web\/?post_type=mec-events&#038;p=5091"},"modified":"2023-05-09T14:26:08","modified_gmt":"2023-05-09T12:26:08","slug":"el-dissabte-6-de-maig-fem-mercadillo-a-la-segona-volta-aprofita-per-portar-tot-allo-que-no-utilitzes-i-ven-ho","status":"publish","type":"mec-events","link":"https:\/\/roquetes.cat\/web\/agenda\/el-dissabte-6-de-maig-fem-mercadillo-a-la-segona-volta-aprofita-per-portar-tot-allo-que-no-utilitzes-i-ven-ho\/","title":{"rendered":"El dissabte 6 de Maig, fem Mercadillo, a La Segona Volta. Aprofita per portar tot all\u00f3 que no utilitzes i ven-ho!"},"content":{"rendered":"<p>El dissabte 6 de Maig, fem Mercadillo, a La Segona Volta. Aprofita per portar tot all\u00f3 que no utilitzes i ven-ho!<br \/>\nDe les 9:30 a les 13:30 del mat\u00ed al carrer d&#8217;Ansedo a la Raval de Cristo.<\/p>\n<p>Places limitades, reserva la teva pla\u00e7a \ud83d\ude42<\/p>\n<p>M\u00e9s informaci\u00f3: <a href=\"http:\/\/lasegonavolta.cat\/\">La Segona Volta \u2013 Botiga de segona m\u00e0, prevenci\u00f3 de residus, economia circular<\/a><\/p>\n","protected":false},"excerpt":{"rendered":"<p>El dissabte 6 de Maig, fem Mercadillo, a La Segona Volta. Aprofita per portar tot all\u00f3 que no utilitzes i ven-ho! De les 9:30 a les 13:30 del mat\u00ed al carrer d&#8217;Ansedo a la Raval de Cristo. Places limitades, reserva la teva pla\u00e7a \ud83d\ude42 M\u00e9s informaci\u00f3: La Segona Volta \u2013 Botiga de segona m\u00e0, prevenci\u00f3 [&hellip;]<\/p>\n","protected":false},"author":2,"featured_media":5093,"comment_status":"closed","ping_status":"closed","template":"","tags":[],"mec_category":[48],"class_list":["post-5091","mec-events","type-mec-events","status-publish","has-post-thumbnail","hentry","mec_category-agenda"],"_links":{"self":[{"href":"https:\/\/roquetes.cat\/web\/wp-json\/wp\/v2\/mec-events\/5091","targetHints":{"allow":["GET"]}}],"collection":[{"href":"https:\/\/roquetes.cat\/web\/wp-json\/wp\/v2\/mec-events"}],"about":[{"href":"https:\/\/roquetes.cat\/web\/wp-json\/wp\/v2\/types\/mec-events"}],"author":[{"embeddable":true,"href":"https:\/\/roquetes.cat\/web\/wp-json\/wp\/v2\/users\/2"}],"replies":[{"embeddable":true,"href":"https:\/\/roquetes.cat\/web\/wp-json\/wp\/v2\/comments?post=5091"}],"wp:featuredmedia":[{"embeddable":true,"href":"https:\/\/roquetes.cat\/web\/wp-json\/wp\/v2\/media\/5093"}],"wp:attachment":[{"href":"https:\/\/roquetes.cat\/web\/wp-json\/wp\/v2\/media?parent=5091"}],"wp:term":[{"taxonomy":"post_tag","embeddable":true,"href":"https:\/\/roquetes.cat\/web\/wp-json\/wp\/v2\/tags?post=5091"},{"taxonomy":"mec_category","embeddable":true,"href":"https:\/\/roquetes.cat\/web\/wp-json\/wp\/v2\/mec_category?post=5091"}],"curies":[{"name":"wp","href":"https:\/\/api.w.org\/{rel}","templated":true}]}}

El dissabte 6 de Maig, fem Mercadillo, a La Segona Volta. Aprofita per portar tot alló que no utilitzes i ven-ho!

<p>El dissabte 6 de Maig, fem Mercadillo, a La Segona Volta. Aprofita per portar tot alló que no utilitzes i ven-ho!<br />
De les 9:30 a les 13:30 del matí al carrer d&#8217;Ansedo a la Raval de Cristo.</p>
<p>Places limitades, reserva la teva plaça 🙂</p>
<p>Més informació: <a href="http://lasegonavolta.cat/">La Segona Volta – Botiga de segona mà, prevenció de residus, economia circular</a></p>

<p>El dissabte 6 de Maig, fem Mercadillo, a La Segona Volta. Aprofita per portar tot alló que no utilitzes i ven-ho! De les 9:30 a les 13:30 del matí al carrer d&#8217;Ansedo a la Raval de Cristo. Places limitades, reserva la teva plaça 🙂 Més informació: La Segona Volta – Botiga de segona mà, prevenció [&hellip;]</p>
